33*d**2 - 14*d + 1630. Determine x(-34).
950
Let p(b) = -3*b**3 - 14*b**2 - 63*b - 44. Give p(-6).
478
Let r(n) = 2409*n + 373097. Calculate r(-155).
-298
Let i(b) = 8146*b + 65041. What is i(-8)?
-127
Let w(k) = -62*k**2 - 294*k + 1762. Give w(6).
-2234
Let v(a) = 87769*a - 263291. Calculate v(3).
16
Let s(r) = r**3 - 162*r**2 - 13860*r - 6263. Give s(224).
9
Let u(n) = 30*n**2 + 339*n + 1272. Determine u(-5).
327
Let x(b) = -b**3 + 8*b**2 - 10*b + 197. What is x(11)?
-276
Let m(p) = 3072*p + 30562. Determine m(-10).
-158
Let d(j) = -33*j**2 + 313*j - 27. Determine d(8).
365
Let x(k) = -510329*k - 6634276. Calculate x(-13).
1
Let c(w) = -118*w**2 - 596*w + 5. Calculate c(-5).
35
Let u(w) = 185*w**3 - 66*w**2 + 60*w + 7. Determine u(1).
186
Let d(q) = 3*q**3 - 41*q**2 - 157*q + 2685. Calculate d(11).
-10
Let r(b) = -81*b**3 + 7047*b**2 + 92*b - 8007. Determine r(87).
-3
Let v(z) = -z**3 + 23*z**2 - 73*z + 1214. Give v(22).
92
Let f(m) = 5120*m**2 - 92165*m + 94. Give f(18).
4
Let g(u) = 28*u**3 + 1202*u**2 - 88*u - 38. Calculate g(-43).
48
Let k(n) = -2*n**2 + 9037*n + 45159. Determine k(-5).
-76
Let f(c) = -27827*c - 2643568. Determine f(-95).
-3
Let d(h) = 8681*h - 451229. What is d(52)?
183
Let a(k) = 5167*k + 21113. What is a(-4)?
445
Let o(j) = j**3 - 39*j**2 - 1758*j + 738. Calculate o(-27).
90
Let k(z) = -z**3 + 18*z**2 - 120*z + 1201. Give k(17).
-550
Let i(o) = -5*o**2 + 180*o + 26. Determine i(37).
-159
Let g(h) = -h**3 + 6*h**2 - 11*h - 936. What is g(0)?
-936
Let k(u) = 2*u**2 + 21968*u - 43930. Calculate k(2).
14
Let t(d) = -58007*d + 116019. Calculate t(2).
5
Let n(r) = 5*r**2 - 18476*r - 73935. Give n(-4).
49
Let d(t) = -2*t**3 + 10*t**2 + 204*t - 2. Determine d(13).
-54
Let x(u) = u**3 - 113*u**2 - 6695*u + 106. Determine x(-43).
-453
Let o(s) = -s**2 - 40463*s - 768352. Determine o(-19).
84
Let u(q) = -17*q**2 + 931*q + 1867. What is u(-2)?
-63
Let j(n) = 34*n**3 + 12587*n**2 + 2586*n - 1518. Calculate j(-370).
-38
Let v(n) = -1138*n**2 - 3380*n + 125. Give v(-3).
23
Let t(p) = 3*p**3 + 370*p**2 - 15286*p + 316. Determine t(-156).
4
Let w(v) = -18908*v - 1928626. Calculate w(-102).
-10
Let m(x) = -18*x**2 - 20135*x - 80531. What is m(-4)?
-279
Let k(f) = -4*f**2 + 1875*f - 12332. What is k(462)?
142
Let t(d) = -308*d - 1342. Calculate t(-5).
198
Let y(z) = 3*z**3 + 100*z**2 - 222*z + 9. Give y(2).
-11
Let j(o) = o**3 - 144*o**2 + 196*o - 4617. Give j(143).
2962
Let i(y) = 55*y**2 - 15056*y - 34226. Calculate i(276).
-2
Let o(j) = -j**2 - 518*j - 44612. Calculate o(-409).
-31
Let v(i) = 149*i**2 - 8511*i + 9350. What is v(56)?
-2
Let r(j) = j**2 - 163*j + 4650. Give r(28).
870
Let f(c) = -374001*c + 748011. Calculate f(2).
9
Let z(h) = -11*h**3 - 901*h**2 - 257*h - 27816. Determine z(-82).
-18
Let b(h) = -30147*h + 4612496. Give b(153).
5
Let n(d) = 2*d**2 - 11545*d - 324908. What is n(-28)?
-80
Let v(j) = 181*j**2 - 6978*j - 121296. Determine v(-13).
7
Let k(a) = 2*a**3 + 31*a**2 - 181*a - 6. Calculate k(6).
456
Let r(a) = 2*a**3 - 111*a**2 - 144*a - 1675. Calculate r(57).
-136
Let r(y) = y**2 - 28020*y + 727855. Determine r(26).
11
Let r(g) = 5277474*g + 21109902. Determine r(-4).
6
Let p(k) = -540*k - 45388. Determine p(-74).
-5428
Let x(u) = 25*u**2 - 4248*u + 54540. What is x(14)?
-32
Let o(n) = -n**2 - 10217*n + 20437. Determine o(2).
-1
Let a(r) = 2*r**3 + 10*r**2 - 25*r + 45. Calculate a(3).
114
Let x(v) = v**2 + 32*v + 304. Determine x(-26).
148
Let a(q) = 454*q + 6785. Determine a(-11).
1791
Let q(b) = 22*b + 1023. Determine q(-12).
759
Let l(j) = -j**3 + 548*j**2 + 5583*j - 1682. What is l(558)?
-8
Let b(r) = -9*r**2 - 430*r - 1973. What is b(-43)?
-124
Let u(g) = -219*g - 7869. Give u(-37).
234
Let c(s) = 5*s**3 - 3546*s**2 + 11318*s - 15531. Determine c(706).
1
Let z(h) = h**2 - 582*h + 37084. What is z(73)?
-73
Let q(d) = 75*d**2 - 168*d + 3. Give q(9).
4566
Let w(c) = 673*c + 1649. Give w(0).
1649
Let o(h) = h**2 - 7019*h - 489068. Calculate o(-69).
4
Let i(j) = -j**3 - 28*j**2 - 158*j - 596. Determine i(-22).
-24
Let a(b) = 34*b**3 + 201*b**2 + 258*b + 4. Give a(-4).
12
Let b(l) = -l**3 - 64*l**2 + 1506*l - 80. Give b(18).
460
Let r(i) = 5*i**3 - 362*i**2 + 259*i - 8283. Calculate r(72).
-3
Let p(q) = 2*q**2 - 71*q - 2429. Give p(57).
22
Let a(i) = -i**2 + 7217*i + 166592. Determine a(-23).
72
Let p(o) = -2986*o - 44783. Give p(-15).
7
Let y(k) = -87055*k**2 - 87049*k + 1. Determine y(-1).
-5
Let p(s) = -1375*s - 4103. What is p(-3)?
22
Let t(j) = -188*j**2 - 12784*j - 60. Calculate t(-68).
-60
Let j(g) = 82*g - 9083. Give j(115).
347
Let m(r) = -2*r**3 - 37*r**2 - 439*r - 8725. Give m(-19).
-23
Let d(x) = x**3 + 2*x**2 + 4947*x - 249. What is d(0)?
-249
Let n(u) = -2*u**3 - 1210*u**2 + 1154*u - 35151. Calculate n(-606).
-3
Let s(i) = -82*i - 8320. What is s(-88)?
-1104
Let j(t) = -822*t**2 + 12335*t - 76. Calculate j(15).
-1
Let m(i) = -i**3 + 53*i**2 + 358*i + 32. Calculate m(59).
268
Let z(r) = -2*r**3 + 47*r**2 + 73*r - 315. Give z(25).
-365
Let a(f) = 2*f**3 + 25*f**2 + 36*f + 304. Calculate a(-11).
271
Let b(q) = 45716*q + 13669072. Give b(-299).
-12
Let l(v) = 16*v**2 + 115*v + 218. Determine l(-3).
17
Let t(r) = -r**3 - 2*r**2 + 337*r + 2578. Determine t(-8).
266
Let u(t) = t**2 - 9930*t + 562855. What is u(57)?
94
Let s(z) = 137*z**3 - 167*z**2 + 164*z + 2. Give s(1).
136
Let o(y) = 2*y**3 - 3121*y**2 + 1738*y - 277684. Determine o(1560).
-4
Let s(r) = -r**3 + 12*r**2 + 37*r + 133. What is s(14)?
259
Let r(w) = 10*w**2 - 90*w + 589. Give r(6).
409
Let f(w) = -72*w**2 + 188*w + 380. Determine f(-2).
-284
Let v(m) = -2*m**2 - 2586*m - 214281. What is v(-1204)?
31
Let x(j) = -443*j + 4876. Calculate x(9).
889
Let k(c) = -c**2 + 509*c - 28476. What is k(64)?
4
Let n(h) = -529*h - 173556. Give n(-328).
-44
Let g(p) = 88220*p - 5028538. Determine g(57).
2
Let m(h) = -6*h**2 + 1422*h + 14238. Calculate m(-10).
-582
Let c(g) = -g**3 - 1265*g**2 + 645451*g + 1658. Determine c(-1655).
3
Let n(k) = k**3 - 46*k**2 + 141*k + 2618. Give n(41).
-6
Let t(j) = 796*j + 13102. Calculate t(-16).
366
Let u(q) = -1790*q**2 + 10716*q + 129. Give u(6).
-15
Let t(g) = 5*g**2 + 1307*g - 15678. Give t(12).
726
Let n(o) = -150*o**3 - o**2 + 400*o + 401. Determine n(-1).
150
Let m(j) = 1760*j + 98256. What is m(-56)?
-304
Let m(x) = -x**3 - 16*x**2 + 633*x - 2617. Give m(5).
23
Let w(g) = 802*g - 3321. Determine w(4).
-113
Let w(o) = 5*o**2 - 3726*o + 51192. Calculate w(14).
8
Let z(s) = 6*s**2 + 2938*s + 163455. Calculate z(-64).
-1
Let a(t) = -10*t**2 + 186*t - 1234. Determine a(7).
-422
Let c(y) = -2*y**2 - 171*y - 2709. What is c(-65)?
-44
Let h(m) = 6088*m + 73. Calculate h(0).
73
Let x(u) = -u**3 + 389*u**2 + 2328*u - 297110. What is x(393)?
-2
Let d(a) = -2521*a - 40494. Determine d(-16).
-158
Let l(c) = -2*c**3 + 12*c**2 + 67344*c - 269416. Calculate l(4).
24
Let g(p) = p**2 + 338*p + 3782. Determine g(-11).
185
Let b(h) = -135*h**2 - 1918*h - 262. What is b(-14)?
130
Let r(j) = -5*j**3 - 9*j**2 + 606*j + 3804. What is r(-6)?
924
Let a(p) = 3*p**2 + 7645*p - 22928. Determine a(3).
34
Let a(i) = 5*i**3 + 549*i**2 - 108*i + 213. Calculate a(-110).
-7
Let i(l) = -394*l**2 - 1533*l + 163. What is i(-4)?
-9
Let j(r) = -5*r**2 + 511*r - 3845. Calculate j(94).
9
Let o(a) = -41*a**2 - 33138*a - 99362. Determine o(-3).
-317
Let i(l) = -1178*l + 133183. What is i(113)?
69
Let m(z) = z**2 - 13*z - 47. What is m(-22)?
723
Let a(w) = w**3 - 8*w**2 + 1036*w - 7218. Determine a(7).
-15
Let a(k) = -429*k - 51060. Give a(-119).
-9
Let n(k) = 2*k**2 + 17164*k - 103071. Determine n(6).
-15
Let t(c) = -c**2 + 53*c - 499. Give t(38).
71
Let f(v) = 4*v**3 - 42*v**2 + 158*v - 234. Determine f(3).
-30
Let m(k) = 6587*k - 164690. Give m(25).
-15
Let g(s) = s**3 - 41*s**2 + 332*s - 116. What is g(31)?
566
Let u(f) = 2*f**3 - 93*f**2 + 537*f - 844. Give u(40).
-164
Let n(r) = -3*r**2 - 54312*r + 217297. Calculate n(4).
1
Let w(m) = -5200*m + 525200. Give w(101).
0
Let i(k) = -887*k - 77301. Calculate i(-87).
-132
Let y(l) = -5089*l - 656451. Give y(-129).
30
Let f(g) = 91*g**2 + 6746*g + 889. What is f(-74)?
1
Let v(y) = 770*y + 13075. Determine v(-17).
-15
Let u(n) = n**3 - 50*n**2 + 605*n - 3858. Determine u(36).
-222
Let w(x) = 295*x**3 + 2*x